{"id":386,"date":"2021-05-07T21:26:08","date_gmt":"2021-05-07T21:26:08","guid":{"rendered":"https:\/\/preview.treethemes.com\/hazel\/demo1clean\/?page_id=386"},"modified":"2023-03-04T12:13:33","modified_gmt":"2023-03-04T11:13:33","slug":"la-terza-eta","status":"publish","type":"page","link":"https:\/\/www.grupposanmichele.it\/salute\/pages\/la-terza-eta\/","title":{"rendered":"La Terza Et\u00e0"},"content":{"rendered":"<section class=\"wpb-content-wrapper\"><p>[vc_row bg_type=&#8221;image&#8221; parallax_style=&#8221;vcpb-vz-jquery&#8221; bg_image_new=&#8221;id^347|url^https:\/\/preview.treethemes.com\/hazel\/demo1\/wp-content\/uploads\/sites\/3\/2021\/05\/home4section1.jpeg|caption^null|alt^null|title^home4section1|description^null&#8221; bg_override=&#8221;ex-full&#8221; enable_overlay=&#8221;enable_overlay_value&#8221; overlay_color=&#8221;rgba(0,0,0,0.81)&#8221; css=&#8221;.vc_custom_1620422895885{padding-top: 180px !important;padding-bottom: 150px !important;}&#8221;][vc_column css_animation=&#8221;fadeInUp&#8221;]<div id=\"ultimate-heading-63076a94dee710ff0\" class=\"uvc-heading ult-adjust-bottom-margin ultimate-heading-63076a94dee710ff0 uvc-6485 \" data-hspacer=\"no_spacer\"  data-halign=\"center\" style=\"text-align:center\"><div class=\"uvc-heading-spacer no_spacer\" style=\"top\"><\/div><div class=\"uvc-main-heading ult-responsive\"  data-ultimate-target='.uvc-heading.ultimate-heading-63076a94dee710ff0 h1'  data-responsive-json-new='{\"font-size\":\"desktop:26px;mobile_landscape:22px;mobile:18px;\",\"line-height\":\"\"}' ><h1 style=\"font-family:&#039;Josefin Sans&#039;;font-weight:600;color:#bfbfbf;\">LA TERZA ET\u00c0<\/h1><\/div><div class=\"uvc-sub-heading ult-responsive\"  data-ultimate-target='.uvc-heading.ultimate-heading-63076a94dee710ff0 .uvc-sub-heading '  data-responsive-json-new='{\"font-size\":\"\",\"line-height\":\"\"}'  style=\"font-weight:600;\"><\/p>\n<h6><\/h6>\n<p><\/div><\/div>[vc_empty_space height=&#8221;10px&#8221;][\/vc_column][\/vc_row][vc_row bg_type=&#8221;image&#8221; parallax_style=&#8221;vcpb-default&#8221; bg_image_new=&#8221;id^779|url^https:\/\/www.grupposanmichele.it\/salute\/wp-content\/uploads\/2023\/03\/terza-eta.jpg|caption^null|alt^null|title^terza-eta|description^null&#8221; bg_override=&#8221;ex-full&#8221; css=&#8221;.vc_custom_1677928408741{padding-top: 150px !important;padding-bottom: 120px !important;}&#8221;][vc_column width=&#8221;1\/3&#8243;][vc_column_text]Uno dei fenomeni che comporta profondi cambiamenti dal punto di vista sociale, culturale, economico, medico-scientifico e tecnologico \u00e8 l\u2019aumento dell\u2019aspettativa di vita.<\/p>\n<p>La percentuale italiana nel 2021 degli ultra 65enni era del 23,5% (su una popolazione di 59,2 milioni) e si stima che questa percentuale sia destinata a salire negli anni a venire.<\/p>\n<p>Attualmente la percentuale di anziani che occupano le strutture socio-sanitarie e socio-assistenziali in Italia \u00e8 rappresentata nel grafico accanto. Pi\u00f9 della met\u00e0 dei residenti ha un\u2019et\u00e0 maggiore di 85 anni. L\u2019et\u00e0 media di ingresso in RSA si \u00e8 innalzata e lo stato di salute medio degli ospiti si \u00e8 notevolmente aggravato.<\/p>\n<p>Secondo un recente studio, l\u2019et\u00e0 media d\u2019ingresso in RSA si aggira intorno agli 86-88 anni, il che comporta anche un aumento del grado di dipendenza.<\/p>\n<p>A questa domanda del mercato non \u00e8 ancora presente un\u2019offerta sufficientemente strutturata di Strutture specializzate e specificatamente dedicate ed attrezzate per gli ospiti affetti da queste patologie. Si fa sentire sempre di pi\u00f9 la necessit\u00e0 di creare Residenze moderne in grado di offrire prestazioni assistenziali di qualit\u00e0 sia strutturali ed abitative che funzionali ed operative.<\/p>\n<p>Una popolazione, quindi,\u00a0che non cresce ma invecchia sempre di pi\u00f9\u00a0e a cui saranno sempre pi\u00f9 necessarie strutture che rispondano prontamente alle nuove necessit\u00e0 delle persone anziane.<\/p>\n<p><strong>L\u2019obiettivo di San Michele Salute \u00e8 dare risposte a tali esigenze con un approccio olistico, finalizzato ad un reale e totalizzante stato di Benessere della persona.<\/strong>[\/vc_column_text][\/vc_column][\/vc_row]<\/p>\n<\/section>","protected":false},"excerpt":{"rendered":"<p>[vc_row bg_type=&#8221;image&#8221; parallax_style=&#8221;vcpb-vz-jquery&#8221; bg_image_new=&#8221;id^347|url^https:\/\/preview.treethemes.com\/hazel\/demo1\/wp-content\/uploads\/sites\/3\/2021\/05\/home4section1.jpeg|caption^null|alt^null|title^home4section1|description^null&#8221; bg_override=&#8221;ex-full&#8221; enable_overlay=&#8221;enable_overlay_value&#8221; overlay_color=&#8221;rgba(0,0,0,0.81)&#8221; css=&#8221;.vc_custom_1620422895885{padding-top: 180px !important;padding-bottom: 150px !important;}&#8221;][vc_column css_animation=&#8221;fadeInUp&#8221;][vc_empty_space height=&#8221;10px&#8221;][\/vc_column][\/vc_row][vc_row bg_type=&#8221;image&#8221; parallax_style=&#8221;vcpb-default&#8221; bg_image_new=&#8221;id^779|url^https:\/\/www.grupposanmichele.it\/salute\/wp-content\/uploads\/2023\/03\/terza-eta.jpg|caption^null|alt^null|title^terza-eta|description^null&#8221; bg_override=&#8221;ex-full&#8221; css=&#8221;.vc_custom_1677928408741{padding-top: 150px !important;padding-bottom: 120px !important;}&#8221;][vc_column width=&#8221;1\/3&#8243;][vc_column_text]Uno dei fenomeni che comporta profondi cambiamenti dal punto di vista sociale, culturale, economico, medico-scientifico e tecnologico \u00e8 l\u2019aumento dell\u2019aspettativa di vita. La percentuale italiana nel 2021 degli ultra 65enni era del [&hellip;]<\/p>\n","protected":false},"author":2,"featured_media":0,"parent":277,"menu_order":0,"comment_status":"closed","ping_status":"closed","template":"page.php","meta":{"footnotes":""},"class_list":["post-386","page","type-page","status-publish","hentry"],"_links":{"self":[{"href":"https:\/\/www.grupposanmichele.it\/salute\/wp-json\/wp\/v2\/pages\/386","targetHints":{"allow":["GET"]}}],"collection":[{"href":"https:\/\/www.grupposanmichele.it\/salute\/wp-json\/wp\/v2\/pages"}],"about":[{"href":"https:\/\/www.grupposanmichele.it\/salute\/wp-json\/wp\/v2\/types\/page"}],"author":[{"embeddable":true,"href":"https:\/\/www.grupposanmichele.it\/salute\/wp-json\/wp\/v2\/users\/2"}],"replies":[{"embeddable":true,"href":"https:\/\/www.grupposanmichele.it\/salute\/wp-json\/wp\/v2\/comments?post=386"}],"version-history":[{"count":4,"href":"https:\/\/www.grupposanmichele.it\/salute\/wp-json\/wp\/v2\/pages\/386\/revisions"}],"predecessor-version":[{"id":780,"href":"https:\/\/www.grupposanmichele.it\/salute\/wp-json\/wp\/v2\/pages\/386\/revisions\/780"}],"up":[{"embeddable":true,"href":"https:\/\/www.grupposanmichele.it\/salute\/wp-json\/wp\/v2\/pages\/277"}],"wp:attachment":[{"href":"https:\/\/www.grupposanmichele.it\/salute\/wp-json\/wp\/v2\/media?parent=386"}],"curies":[{"name":"wp","href":"https:\/\/api.w.org\/{rel}","templated":true}]}}

La Terza Età

<section class="wpb-content-wrapper"><p>[vc_row bg_type=&#8221;image&#8221; parallax_style=&#8221;vcpb-vz-jquery&#8221; bg_image_new=&#8221;id^347|url^https://preview.treethemes.com/hazel/demo1/wp-content/uploads/sites/3/2021/05/home4section1.jpeg|caption^null|alt^null|title^home4section1|description^null&#8221; bg_override=&#8221;ex-full&#8221; enable_overlay=&#8221;enable_overlay_value&#8221; overlay_color=&#8221;rgba(0,0,0,0.81)&#8221; css=&#8221;.vc_custom_1620422895885{padding-top: 180px !important;padding-bottom: 150px !important;}&#8221;][vc_column css_animation=&#8221;fadeInUp&#8221;]<div id="ultimate-heading-63076a94dee710ff0" class="uvc-heading ult-adjust-bottom-margin ultimate-heading-63076a94dee710ff0 uvc-6485 " data-hspacer="no_spacer"  data-halign="center" style="text-align:center"><div class="uvc-heading-spacer no_spacer" style="top"></div><div class="uvc-main-heading ult-responsive"  data-ultimate-target='.uvc-heading.ultimate-heading-63076a94dee710ff0 h1'  data-responsive-json-new='{"font-size":"desktop:26px;mobile_landscape:22px;mobile:18px;","line-height":""}' ><h1 style="font-family:&#039;Josefin Sans&#039;;font-weight:600;color:#bfbfbf;">LA TERZA ETÀ</h1></div><div class="uvc-sub-heading ult-responsive"  data-ultimate-target='.uvc-heading.ultimate-heading-63076a94dee710ff0 .uvc-sub-heading '  data-responsive-json-new='{"font-size":"","line-height":""}'  style="font-weight:600;"></p>
<h6></h6>
<p></div></div>[vc_empty_space height=&#8221;10px&#8221;][/vc_column][/vc_row][vc_row bg_type=&#8221;image&#8221; parallax_style=&#8221;vcpb-default&#8221; bg_image_new=&#8221;id^779|url^https://www.grupposanmichele.it/salute/wp-content/uploads/2023/03/terza-eta.jpg|caption^null|alt^null|title^terza-eta|description^null&#8221; bg_override=&#8221;ex-full&#8221; css=&#8221;.vc_custom_1677928408741{padding-top: 150px !important;padding-bottom: 120px !important;}&#8221;][vc_column width=&#8221;1/3&#8243;][vc_column_text]Uno dei fenomeni che comporta profondi cambiamenti dal punto di vista sociale, culturale, economico, medico-scientifico e tecnologico è l’aumento dell’aspettativa di vita.</p>
<p>La percentuale italiana nel 2021 degli ultra 65enni era del 23,5% (su una popolazione di 59,2 milioni) e si stima che questa percentuale sia destinata a salire negli anni a venire.</p>
<p>Attualmente la percentuale di anziani che occupano le strutture socio-sanitarie e socio-assistenziali in Italia è rappresentata nel grafico accanto. Più della metà dei residenti ha un’età maggiore di 85 anni. L’età media di ingresso in RSA si è innalzata e lo stato di salute medio degli ospiti si è notevolmente aggravato.</p>
<p>Secondo un recente studio, l’età media d’ingresso in RSA si aggira intorno agli 86-88 anni, il che comporta anche un aumento del grado di dipendenza.</p>
<p>A questa domanda del mercato non è ancora presente un’offerta sufficientemente strutturata di Strutture specializzate e specificatamente dedicate ed attrezzate per gli ospiti affetti da queste patologie. Si fa sentire sempre di più la necessità di creare Residenze moderne in grado di offrire prestazioni assistenziali di qualità sia strutturali ed abitative che funzionali ed operative.</p>
<p>Una popolazione, quindi, che non cresce ma invecchia sempre di più e a cui saranno sempre più necessarie strutture che rispondano prontamente alle nuove necessità delle persone anziane.</p>
<p><strong>L’obiettivo di San Michele Salute è dare risposte a tali esigenze con un approccio olistico, finalizzato ad un reale e totalizzante stato di Benessere della persona.</strong>[/vc_column_text][/vc_column][/vc_row]</p>
</section>

<p>[vc_row bg_type=&#8221;image&#8221; parallax_style=&#8221;vcpb-vz-jquery&#8221; bg_image_new=&#8221;id^347|url^https://preview.treethemes.com/hazel/demo1/wp-content/uploads/sites/3/2021/05/home4section1.jpeg|caption^null|alt^null|title^home4section1|description^null&#8221; bg_override=&#8221;ex-full&#8221; enable_overlay=&#8221;enable_overlay_value&#8221; overlay_color=&#8221;rgba(0,0,0,0.81)&#8221; css=&#8221;.vc_custom_1620422895885{padding-top: 180px !important;padding-bottom: 150px !important;}&#8221;][vc_column css_animation=&#8221;fadeInUp&#8221;][vc_empty_space height=&#8221;10px&#8221;][/vc_column][/vc_row][vc_row bg_type=&#8221;image&#8221; parallax_style=&#8221;vcpb-default&#8221; bg_image_new=&#8221;id^779|url^https://www.grupposanmichele.it/salute/wp-content/uploads/2023/03/terza-eta.jpg|caption^null|alt^null|title^terza-eta|description^null&#8221; bg_override=&#8221;ex-full&#8221; css=&#8221;.vc_custom_1677928408741{padding-top: 150px !important;padding-bottom: 120px !important;}&#8221;][vc_column width=&#8221;1/3&#8243;][vc_column_text]Uno dei fenomeni che comporta profondi cambiamenti dal punto di vista sociale, culturale, economico, medico-scientifico e tecnologico è l’aumento dell’aspettativa di vita. La percentuale italiana nel 2021 degli ultra 65enni era del [&hellip;]</p>
