{"id":698,"date":"2023-02-21T16:35:33","date_gmt":"2023-02-21T15:35:33","guid":{"rendered":"https:\/\/www.grupposanmichele.it\/salute\/?page_id=698"},"modified":"2023-02-21T18:16:37","modified_gmt":"2023-02-21T17:16:37","slug":"certificazioni","status":"publish","type":"page","link":"https:\/\/www.grupposanmichele.it\/salute\/certificazioni\/","title":{"rendered":"Certificazioni"},"content":{"rendered":"<section class=\"wpb-content-wrapper\"><p>[vc_row][vc_column][vc_empty_space height=&#8221;80px&#8221;][vc_custom_heading text=&#8221;LE NOSTRE CERTIFICAZIONI&#8221; font_container=&#8221;tag:h4|text_align:center&#8221; use_theme_fonts=&#8221;yes&#8221;][vc_empty_space height=&#8221;60px&#8221;][\/vc_column][\/vc_row][vc_row full_width=&#8221;stretch_row_content&#8221; equal_height=&#8221;yes&#8221; content_placement=&#8221;top&#8221; bg_type=&#8221;image&#8221; parallax_style=&#8221;vcpb-default&#8221; bg_image_repeat=&#8221;no-repeat&#8221; bg_img_attach=&#8221;fixed&#8221; bg_override=&#8221;full&#8221; animation_type=&#8221;h&#8221; horizontal_animation=&#8221;left-animation&#8221; vertical_animation=&#8221;top-animation&#8221; disable_on_mobile=&#8221;disable_on_mobile_value&#8221; el_class=&#8221;team-boxes-style&#8221;][vc_column width=&#8221;1\/4&#8243; css=&#8221;.vc_custom_1676998309106{padding-top: 40px !important;padding-right: 40px !important;padding-bottom: 40px !important;padding-left: 40px !important;background-color: #000000 !important;}&#8221;][vc_column_text el_class=&#8221;make-p-small&#8221;]<\/p>\n<h3 style=\"text-align: left;\"><span style=\"color: #ffffff;\">10881-2013-1<\/span><\/h3>\n<h6 style=\"text-align: left;\"><span style=\"color: #999999;\">Assistenza residenziale agli anziani<\/span><\/h6>\n<p>&nbsp;[\/vc_column_text][vc_empty_space height=&#8221;20px&#8221;][vc_column_text el_class=&#8221;make-p-small&#8221;]<span style=\"color: #ffffff;\">La normativa europea \u00e8 rivolta alle strutture residenziali che erogano servizi con alto intervento sanitario rivolti ad utenti anziani non autosufficienti e con patologie senili, e alle strutture che erogano servizi con basso intervento sanitario e di carattere sostanzialmente assistenziale rivolti ad anziani autosufficienti o semi-autosufficienti.<\/span>[\/vc_column_text][vc_empty_space height=&#8221;20px&#8221;][\/vc_column][vc_column width=&#8221;1\/4&#8243; css=&#8221;.vc_custom_1676998194980{padding-top: 110px !important;padding-bottom: 110px !important;background-image: url(https:\/\/www.grupposanmichele.it\/salute\/wp-content\/uploads\/2023\/02\/ISO-UNI-10881-2013-1.png?id=726) !important;background-position: center !important;background-repeat: no-repeat !important;background-size: cover !important;}&#8221; offset=&#8221;vc_hidden-xs&#8221;][\/vc_column][\/vc_row][vc_row full_width=&#8221;stretch_row_content&#8221; equal_height=&#8221;yes&#8221; content_placement=&#8221;top&#8221; bg_type=&#8221;image&#8221; parallax_style=&#8221;vcpb-default&#8221; bg_image_repeat=&#8221;no-repeat&#8221; bg_img_attach=&#8221;fixed&#8221; bg_override=&#8221;full&#8221; animation_type=&#8221;h&#8221; horizontal_animation=&#8221;left-animation&#8221; vertical_animation=&#8221;top-animation&#8221; disable_on_mobile=&#8221;disable_on_mobile_value&#8221; el_class=&#8221;team-boxes-style&#8221;][vc_column width=&#8221;1\/4&#8243; css=&#8221;.vc_custom_1481561925828{padding-top: 40px !important;padding-right: 40px !important;padding-bottom: 40px !important;padding-left: 40px !important;background-color: #3a3a3a !important;}&#8221;][vc_icon icon_fontawesome=&#8221;fa fa-play&#8221; color=&#8221;custom&#8221; size=&#8221;lg&#8221; custom_color=&#8221;#3a3a3a&#8221; el_class=&#8221;icon-absolute-boxes-right&#8221;][vc_column_text el_class=&#8221;make-p-small&#8221;]<\/p>\n<h3 style=\"text-align: left;\"><span style=\"color: #ffffff;\">45001:2018<\/span><\/h3>\n<h6 style=\"text-align: left;\"><span style=\"color: #999999;\">Sistema di Gestione Ambientale<\/span><\/h6>\n<p>&nbsp;[\/vc_column_text][vc_empty_space height=&#8221;20px&#8221;][vc_column_text el_class=&#8221;make-p-small&#8221;]<span style=\"color: #ffffff;\">Gestione della salute e della sicurezza sul lavoro, basata sul miglioramento continuo<\/span>[\/vc_column_text][vc_empty_space height=&#8221;20px&#8221;][\/vc_column][vc_column width=&#8221;1\/4&#8243; css=&#8221;.vc_custom_1676997803225{padding-top: 110px !important;padding-bottom: 110px !important;background-image: url(https:\/\/www.grupposanmichele.it\/salute\/wp-content\/uploads\/2023\/02\/ISO-UNI-45001-2018-1.png?id=722) !important;background-position: center !important;background-repeat: no-repeat !important;background-size: cover !important;}&#8221; offset=&#8221;vc_hidden-xs&#8221;][\/vc_column][vc_column width=&#8221;1\/4&#8243; css=&#8221;.vc_custom_1481561935797{padding-top: 40px !important;padding-right: 40px !important;padding-bottom: 40px !important;padding-left: 40px !important;background-color: #4f4f4f !important;}&#8221;][vc_icon icon_fontawesome=&#8221;fa fa-play&#8221; color=&#8221;custom&#8221; size=&#8221;lg&#8221; custom_color=&#8221;#4f4f4f&#8221; el_class=&#8221;icon-absolute-boxes-right&#8221;][vc_column_text el_class=&#8221;make-p-small&#8221;]<\/p>\n<h3 style=\"text-align: left;\"><span style=\"color: #ffffff;\">14001:2015<\/span><\/h3>\n<h6 style=\"text-align: left;\"><span style=\"color: #999999;\">Sistema di Gestione Ambientale<\/span><\/h6>\n<p>&nbsp;[\/vc_column_text][vc_empty_space height=&#8221;20px&#8221;][vc_column_text el_class=&#8221;make-p-small&#8221;]<span style=\"color: #ffffff;\">La norma specifica i requisiti di un sistema di gestione ambientale per consentire ad un&#8217;organizzazione di sviluppare ed attuare una politica e degli obiettivi che tengano conto delle prescrizioni legali e delle altre prescrizioni che l&#8217;organizzazione stessa sottoscrive e delle informazioni riguardanti gli aspetti ambientali significativi<\/span>[\/vc_column_text][vc_empty_space height=&#8221;20px&#8221;][\/vc_column][vc_column width=&#8221;1\/4&#8243; css=&#8221;.vc_custom_1676997889094{padding-top: 110px !important;padding-bottom: 110px !important;background-image: url(https:\/\/www.grupposanmichele.it\/salute\/wp-content\/uploads\/2023\/02\/ISO-UNI-14001-2015-1.png?id=723) !important;background-position: center !important;background-repeat: no-repeat !important;background-size: cover !important;}&#8221; offset=&#8221;vc_hidden-xs&#8221;][\/vc_column][\/vc_row][vc_row full_width=&#8221;stretch_row_content&#8221; equal_height=&#8221;yes&#8221; bg_type=&#8221;image&#8221; parallax_style=&#8221;vcpb-default&#8221; bg_image_repeat=&#8221;no-repeat&#8221; bg_img_attach=&#8221;fixed&#8221; bg_override=&#8221;full&#8221; animation_type=&#8221;h&#8221; horizontal_animation=&#8221;left-animation&#8221; vertical_animation=&#8221;top-animation&#8221; disable_on_mobile=&#8221;disable_on_mobile_value&#8221; el_class=&#8221;team-boxes-style&#8221;][vc_column width=&#8221;1\/4&#8243; css=&#8221;.vc_custom_1676997693389{padding-top: 110px !important;padding-bottom: 110px !important;background-image: url(https:\/\/www.grupposanmichele.it\/salute\/wp-content\/uploads\/2023\/02\/ISO-UNI-9001-2015-1.png?id=720) !important;background-position: center !important;background-repeat: no-repeat !important;background-size: cover !important;}&#8221; offset=&#8221;vc_hidden-xs&#8221;][\/vc_column][vc_column width=&#8221;1\/4&#8243; css=&#8221;.vc_custom_1481561799125{padding-top: 40px !important;padding-right: 40px !important;padding-bottom: 40px !important;padding-left: 40px !important;background-color: #101010 !important;}&#8221;][vc_icon icon_fontawesome=&#8221;fa fa-play&#8221; color=&#8221;custom&#8221; size=&#8221;lg&#8221; custom_color=&#8221;#101010&#8243; el_class=&#8221;icon-absolute-boxes&#8221;][vc_column_text el_class=&#8221;make-p-small&#8221;]<\/p>\n<h3 style=\"text-align: left;\"><span style=\"color: #ffffff;\">ISO 9001:2015<br \/>\n<\/span><\/h3>\n<h6 style=\"text-align: left;\"><span style=\"color: #999999;\">Sistema di Gestione per la Qualit\u00e0 certificato<\/span><\/h6>\n<p>[\/vc_column_text][vc_empty_space height=&#8221;20px&#8221;][vc_column_text el_class=&#8221;make-p-small&#8221;]<span style=\"color: #ffffff;\">Realizzare ed assicurare il livello qualitativo promesso al cliente, nonch\u00e9 migliorare continuamente i propri risultati. Obiettivo: un\u2019organizzazione efficace ed efficiente, la soddisfazione dei requisiti richiesti dal cliente, l\u2019ottimizzazione delle risorse disponibili, una corretta definizione dei ruoli e responsabilit\u00e0.<\/span>[\/vc_column_text][vc_empty_space height=&#8221;20px&#8221;][\/vc_column][vc_column width=&#8221;1\/4&#8243; css=&#8221;.vc_custom_1676997743750{padding-top: 110px !important;padding-bottom: 110px !important;background-image: url(https:\/\/www.grupposanmichele.it\/salute\/wp-content\/uploads\/2023\/02\/ISO-UNI-11010-2016-1.png?id=721) !important;background-position: center !important;background-repeat: no-repeat !important;background-size: cover !important;}&#8221; offset=&#8221;vc_hidden-xs&#8221;][\/vc_column][vc_column width=&#8221;1\/4&#8243; css=&#8221;.vc_custom_1481561821278{padding-top: 40px !important;padding-right: 40px !important;padding-bottom: 40px !important;padding-left: 40px !important;background-color: #212121 !important;}&#8221;][vc_icon icon_fontawesome=&#8221;fa fa-play&#8221; color=&#8221;custom&#8221; size=&#8221;lg&#8221; custom_color=&#8221;#212121&#8243; el_class=&#8221;icon-absolute-boxes&#8221;][vc_column_text el_class=&#8221;make-p-small&#8221;]<\/p>\n<h3 style=\"text-align: left;\"><span style=\"color: #ffffff;\">UNI 11010:2016<\/span><\/h3>\n<h6 style=\"text-align: left;\"><span style=\"color: #999999;\">Servizi socio-sanitari e sociali &#8211; Servizi per l&#8217;abitare e servizi per l&#8217;inclusione sociale delle persone con disabilit\u00e0 (PcD) &#8211; Requisiti del servizio <\/span><\/h6>\n<p>[\/vc_column_text][vc_empty_space height=&#8221;20px&#8221;][vc_column_text el_class=&#8221;make-p-small&#8221;]<span style=\"color: #ffffff;\">La norma definisce i requisiti dei servizi per l\u2019abitare e dei servizi per l\u2019inclusione sociale<br \/>\ndi persone con disabilit\u00e0 (PcD) in et\u00e0 adulta. La norma individua i principi generali e i requisiti a cui l\u2019organizzazione si deve attenere al fine di offrire una pluralit\u00e0 flessibile e differenziata di servizi orientati alla specificit\u00e0 dei profili di funzionamento delle PcD cui sono dedicati, indipendentemente dalla natura e gravit\u00e0 delle loro limitazioni.<\/span>[\/vc_column_text][vc_empty_space height=&#8221;20px&#8221;][\/vc_column][\/vc_row][vc_row][vc_column][vc_empty_space height=&#8221;80px&#8221;][\/vc_column][\/vc_row]<\/p>\n<\/section>","protected":false},"excerpt":{"rendered":"<p>[vc_row][vc_column][vc_empty_space height=&#8221;80px&#8221;][vc_custom_heading text=&#8221;LE NOSTRE CERTIFICAZIONI&#8221; font_container=&#8221;tag:h4|text_align:center&#8221; use_theme_fonts=&#8221;yes&#8221;][vc_empty_space height=&#8221;60px&#8221;][\/vc_column][\/vc_row][vc_row full_width=&#8221;stretch_row_content&#8221; equal_height=&#8221;yes&#8221; content_placement=&#8221;top&#8221; bg_type=&#8221;image&#8221; parallax_style=&#8221;vcpb-default&#8221; bg_image_repeat=&#8221;no-repeat&#8221; bg_img_attach=&#8221;fixed&#8221; bg_override=&#8221;full&#8221; animation_type=&#8221;h&#8221; horizontal_animation=&#8221;left-animation&#8221; vertical_animation=&#8221;top-animation&#8221; disable_on_mobile=&#8221;disable_on_mobile_value&#8221; el_class=&#8221;team-boxes-style&#8221;][vc_column width=&#8221;1\/4&#8243; css=&#8221;.vc_custom_1676998309106{padding-top: 40px !important;padding-right: 40px !important;padding-bottom: 40px !important;padding-left: 40px !important;background-color: #000000 !important;}&#8221;][vc_column_text el_class=&#8221;make-p-small&#8221;] 10881-2013-1 Assistenza residenziale agli anziani &nbsp;[\/vc_column_text][vc_empty_space height=&#8221;20px&#8221;][vc_column_text el_class=&#8221;make-p-small&#8221;]La normativa europea \u00e8 rivolta alle strutture residenziali che erogano servizi con alto intervento [&hellip;]<\/p>\n","protected":false},"author":1,"featured_media":0,"parent":0,"menu_order":0,"comment_status":"closed","ping_status":"closed","template":"one-page-template.php","meta":{"footnotes":""},"class_list":["post-698","page","type-page","status-publish","hentry"],"_links":{"self":[{"href":"https:\/\/www.grupposanmichele.it\/salute\/wp-json\/wp\/v2\/pages\/698","targetHints":{"allow":["GET"]}}],"collection":[{"href":"https:\/\/www.grupposanmichele.it\/salute\/wp-json\/wp\/v2\/pages"}],"about":[{"href":"https:\/\/www.grupposanmichele.it\/salute\/wp-json\/wp\/v2\/types\/page"}],"author":[{"embeddable":true,"href":"https:\/\/www.grupposanmichele.it\/salute\/wp-json\/wp\/v2\/users\/1"}],"replies":[{"embeddable":true,"href":"https:\/\/www.grupposanmichele.it\/salute\/wp-json\/wp\/v2\/comments?post=698"}],"version-history":[{"count":15,"href":"https:\/\/www.grupposanmichele.it\/salute\/wp-json\/wp\/v2\/pages\/698\/revisions"}],"predecessor-version":[{"id":731,"href":"https:\/\/www.grupposanmichele.it\/salute\/wp-json\/wp\/v2\/pages\/698\/revisions\/731"}],"wp:attachment":[{"href":"https:\/\/www.grupposanmichele.it\/salute\/wp-json\/wp\/v2\/media?parent=698"}],"curies":[{"name":"wp","href":"https:\/\/api.w.org\/{rel}","templated":true}]}}

<section class="wpb-content-wrapper"><p>[vc_row][vc_column][vc_empty_space height=&#8221;80px&#8221;][vc_custom_heading text=&#8221;LE NOSTRE CERTIFICAZIONI&#8221; font_container=&#8221;tag:h4|text_align:center&#8221; use_theme_fonts=&#8221;yes&#8221;][vc_empty_space height=&#8221;60px&#8221;][/vc_column][/vc_row][vc_row full_width=&#8221;stretch_row_content&#8221; equal_height=&#8221;yes&#8221; content_placement=&#8221;top&#8221; bg_type=&#8221;image&#8221; parallax_style=&#8221;vcpb-default&#8221; bg_image_repeat=&#8221;no-repeat&#8221; bg_img_attach=&#8221;fixed&#8221; bg_override=&#8221;full&#8221; animation_type=&#8221;h&#8221; horizontal_animation=&#8221;left-animation&#8221; vertical_animation=&#8221;top-animation&#8221; disable_on_mobile=&#8221;disable_on_mobile_value&#8221; el_class=&#8221;team-boxes-style&#8221;][vc_column width=&#8221;1/4&#8243; css=&#8221;.vc_custom_1676998309106{padding-top: 40px !important;padding-right: 40px !important;padding-bottom: 40px !important;padding-left: 40px !important;background-color: #000000 !important;}&#8221;][vc_column_text el_class=&#8221;make-p-small&#8221;]</p>
<h3 style="text-align: left;"><span style="color: #ffffff;">10881-2013-1</span></h3>
<h6 style="text-align: left;"><span style="color: #999999;">Assistenza residenziale agli anziani</span></h6>
<p>&nbsp;[/vc_column_text][vc_empty_space height=&#8221;20px&#8221;][vc_column_text el_class=&#8221;make-p-small&#8221;]<span style="color: #ffffff;">La normativa europea è rivolta alle strutture residenziali che erogano servizi con alto intervento sanitario rivolti ad utenti anziani non autosufficienti e con patologie senili, e alle strutture che erogano servizi con basso intervento sanitario e di carattere sostanzialmente assistenziale rivolti ad anziani autosufficienti o semi-autosufficienti.</span>[/vc_column_text][vc_empty_space height=&#8221;20px&#8221;][/vc_column][vc_column width=&#8221;1/4&#8243; css=&#8221;.vc_custom_1676998194980{padding-top: 110px !important;padding-bottom: 110px !important;background-image: url(https://www.grupposanmichele.it/salute/wp-content/uploads/2023/02/ISO-UNI-10881-2013-1.png?id=726) !important;background-position: center !important;background-repeat: no-repeat !important;background-size: cover !important;}&#8221; offset=&#8221;vc_hidden-xs&#8221;][/vc_column][/vc_row][vc_row full_width=&#8221;stretch_row_content&#8221; equal_height=&#8221;yes&#8221; content_placement=&#8221;top&#8221; bg_type=&#8221;image&#8221; parallax_style=&#8221;vcpb-default&#8221; bg_image_repeat=&#8221;no-repeat&#8221; bg_img_attach=&#8221;fixed&#8221; bg_override=&#8221;full&#8221; animation_type=&#8221;h&#8221; horizontal_animation=&#8221;left-animation&#8221; vertical_animation=&#8221;top-animation&#8221; disable_on_mobile=&#8221;disable_on_mobile_value&#8221; el_class=&#8221;team-boxes-style&#8221;][vc_column width=&#8221;1/4&#8243; css=&#8221;.vc_custom_1481561925828{padding-top: 40px !important;padding-right: 40px !important;padding-bottom: 40px !important;padding-left: 40px !important;background-color: #3a3a3a !important;}&#8221;][vc_icon icon_fontawesome=&#8221;fa fa-play&#8221; color=&#8221;custom&#8221; size=&#8221;lg&#8221; custom_color=&#8221;#3a3a3a&#8221; el_class=&#8221;icon-absolute-boxes-right&#8221;][vc_column_text el_class=&#8221;make-p-small&#8221;]</p>
<h3 style="text-align: left;"><span style="color: #ffffff;">45001:2018</span></h3>
<h6 style="text-align: left;"><span style="color: #999999;">Sistema di Gestione Ambientale</span></h6>
<p>&nbsp;[/vc_column_text][vc_empty_space height=&#8221;20px&#8221;][vc_column_text el_class=&#8221;make-p-small&#8221;]<span style="color: #ffffff;">Gestione della salute e della sicurezza sul lavoro, basata sul miglioramento continuo</span>[/vc_column_text][vc_empty_space height=&#8221;20px&#8221;][/vc_column][vc_column width=&#8221;1/4&#8243; css=&#8221;.vc_custom_1676997803225{padding-top: 110px !important;padding-bottom: 110px !important;background-image: url(https://www.grupposanmichele.it/salute/wp-content/uploads/2023/02/ISO-UNI-45001-2018-1.png?id=722) !important;background-position: center !important;background-repeat: no-repeat !important;background-size: cover !important;}&#8221; offset=&#8221;vc_hidden-xs&#8221;][/vc_column][vc_column width=&#8221;1/4&#8243; css=&#8221;.vc_custom_1481561935797{padding-top: 40px !important;padding-right: 40px !important;padding-bottom: 40px !important;padding-left: 40px !important;background-color: #4f4f4f !important;}&#8221;][vc_icon icon_fontawesome=&#8221;fa fa-play&#8221; color=&#8221;custom&#8221; size=&#8221;lg&#8221; custom_color=&#8221;#4f4f4f&#8221; el_class=&#8221;icon-absolute-boxes-right&#8221;][vc_column_text el_class=&#8221;make-p-small&#8221;]</p>
<h3 style="text-align: left;"><span style="color: #ffffff;">14001:2015</span></h3>
<h6 style="text-align: left;"><span style="color: #999999;">Sistema di Gestione Ambientale</span></h6>
<p>&nbsp;[/vc_column_text][vc_empty_space height=&#8221;20px&#8221;][vc_column_text el_class=&#8221;make-p-small&#8221;]<span style="color: #ffffff;">La norma specifica i requisiti di un sistema di gestione ambientale per consentire ad un&#8217;organizzazione di sviluppare ed attuare una politica e degli obiettivi che tengano conto delle prescrizioni legali e delle altre prescrizioni che l&#8217;organizzazione stessa sottoscrive e delle informazioni riguardanti gli aspetti ambientali significativi</span>[/vc_column_text][vc_empty_space height=&#8221;20px&#8221;][/vc_column][vc_column width=&#8221;1/4&#8243; css=&#8221;.vc_custom_1676997889094{padding-top: 110px !important;padding-bottom: 110px !important;background-image: url(https://www.grupposanmichele.it/salute/wp-content/uploads/2023/02/ISO-UNI-14001-2015-1.png?id=723) !important;background-position: center !important;background-repeat: no-repeat !important;background-size: cover !important;}&#8221; offset=&#8221;vc_hidden-xs&#8221;][/vc_column][/vc_row][vc_row full_width=&#8221;stretch_row_content&#8221; equal_height=&#8221;yes&#8221; bg_type=&#8221;image&#8221; parallax_style=&#8221;vcpb-default&#8221; bg_image_repeat=&#8221;no-repeat&#8221; bg_img_attach=&#8221;fixed&#8221; bg_override=&#8221;full&#8221; animation_type=&#8221;h&#8221; horizontal_animation=&#8221;left-animation&#8221; vertical_animation=&#8221;top-animation&#8221; disable_on_mobile=&#8221;disable_on_mobile_value&#8221; el_class=&#8221;team-boxes-style&#8221;][vc_column width=&#8221;1/4&#8243; css=&#8221;.vc_custom_1676997693389{padding-top: 110px !important;padding-bottom: 110px !important;background-image: url(https://www.grupposanmichele.it/salute/wp-content/uploads/2023/02/ISO-UNI-9001-2015-1.png?id=720) !important;background-position: center !important;background-repeat: no-repeat !important;background-size: cover !important;}&#8221; offset=&#8221;vc_hidden-xs&#8221;][/vc_column][vc_column width=&#8221;1/4&#8243; css=&#8221;.vc_custom_1481561799125{padding-top: 40px !important;padding-right: 40px !important;padding-bottom: 40px !important;padding-left: 40px !important;background-color: #101010 !important;}&#8221;][vc_icon icon_fontawesome=&#8221;fa fa-play&#8221; color=&#8221;custom&#8221; size=&#8221;lg&#8221; custom_color=&#8221;#101010&#8243; el_class=&#8221;icon-absolute-boxes&#8221;][vc_column_text el_class=&#8221;make-p-small&#8221;]</p>
<h3 style="text-align: left;"><span style="color: #ffffff;">ISO 9001:2015<br />
</span></h3>
<h6 style="text-align: left;"><span style="color: #999999;">Sistema di Gestione per la Qualità certificato</span></h6>
<p>[/vc_column_text][vc_empty_space height=&#8221;20px&#8221;][vc_column_text el_class=&#8221;make-p-small&#8221;]<span style="color: #ffffff;">Realizzare ed assicurare il livello qualitativo promesso al cliente, nonché migliorare continuamente i propri risultati. Obiettivo: un’organizzazione efficace ed efficiente, la soddisfazione dei requisiti richiesti dal cliente, l’ottimizzazione delle risorse disponibili, una corretta definizione dei ruoli e responsabilità.</span>[/vc_column_text][vc_empty_space height=&#8221;20px&#8221;][/vc_column][vc_column width=&#8221;1/4&#8243; css=&#8221;.vc_custom_1676997743750{padding-top: 110px !important;padding-bottom: 110px !important;background-image: url(https://www.grupposanmichele.it/salute/wp-content/uploads/2023/02/ISO-UNI-11010-2016-1.png?id=721) !important;background-position: center !important;background-repeat: no-repeat !important;background-size: cover !important;}&#8221; offset=&#8221;vc_hidden-xs&#8221;][/vc_column][vc_column width=&#8221;1/4&#8243; css=&#8221;.vc_custom_1481561821278{padding-top: 40px !important;padding-right: 40px !important;padding-bottom: 40px !important;padding-left: 40px !important;background-color: #212121 !important;}&#8221;][vc_icon icon_fontawesome=&#8221;fa fa-play&#8221; color=&#8221;custom&#8221; size=&#8221;lg&#8221; custom_color=&#8221;#212121&#8243; el_class=&#8221;icon-absolute-boxes&#8221;][vc_column_text el_class=&#8221;make-p-small&#8221;]</p>
<h3 style="text-align: left;"><span style="color: #ffffff;">UNI 11010:2016</span></h3>
<h6 style="text-align: left;"><span style="color: #999999;">Servizi socio-sanitari e sociali &#8211; Servizi per l&#8217;abitare e servizi per l&#8217;inclusione sociale delle persone con disabilità (PcD) &#8211; Requisiti del servizio </span></h6>
<p>[/vc_column_text][vc_empty_space height=&#8221;20px&#8221;][vc_column_text el_class=&#8221;make-p-small&#8221;]<span style="color: #ffffff;">La norma definisce i requisiti dei servizi per l’abitare e dei servizi per l’inclusione sociale<br />
di persone con disabilità (PcD) in età adulta. La norma individua i principi generali e i requisiti a cui l’organizzazione si deve attenere al fine di offrire una pluralità flessibile e differenziata di servizi orientati alla specificità dei profili di funzionamento delle PcD cui sono dedicati, indipendentemente dalla natura e gravità delle loro limitazioni.</span>[/vc_column_text][vc_empty_space height=&#8221;20px&#8221;][/vc_column][/vc_row][vc_row][vc_column][vc_empty_space height=&#8221;80px&#8221;][/vc_column][/vc_row]</p>
</section>

<p>[vc_row][vc_column][vc_empty_space height=&#8221;80px&#8221;][vc_custom_heading text=&#8221;LE NOSTRE CERTIFICAZIONI&#8221; font_container=&#8221;tag:h4|text_align:center&#8221; use_theme_fonts=&#8221;yes&#8221;][vc_empty_space height=&#8221;60px&#8221;][/vc_column][/vc_row][vc_row full_width=&#8221;stretch_row_content&#8221; equal_height=&#8221;yes&#8221; content_placement=&#8221;top&#8221; bg_type=&#8221;image&#8221; parallax_style=&#8221;vcpb-default&#8221; bg_image_repeat=&#8221;no-repeat&#8221; bg_img_attach=&#8221;fixed&#8221; bg_override=&#8221;full&#8221; animation_type=&#8221;h&#8221; horizontal_animation=&#8221;left-animation&#8221; vertical_animation=&#8221;top-animation&#8221; disable_on_mobile=&#8221;disable_on_mobile_value&#8221; el_class=&#8221;team-boxes-style&#8221;][vc_column width=&#8221;1/4&#8243; css=&#8221;.vc_custom_1676998309106{padding-top: 40px !important;padding-right: 40px !important;padding-bottom: 40px !important;padding-left: 40px !important;background-color: #000000 !important;}&#8221;][vc_column_text el_class=&#8221;make-p-small&#8221;] 10881-2013-1 Assistenza residenziale agli anziani &nbsp;[/vc_column_text][vc_empty_space height=&#8221;20px&#8221;][vc_column_text el_class=&#8221;make-p-small&#8221;]La normativa europea è rivolta alle strutture residenziali che erogano servizi con alto intervento [&hellip;]</p>
